 772 and 193607564.
772
What is the greatest common divisor of 21962 and 183?
1
What is the highest common factor of 178 and 22087486?
178
What is the highest common factor of 137925682 and 7482?
2494
Calculate the highest common factor of 18240 and 1880.
40
What is the highest common factor of 584150 and 9415?
35
Calculate the greatest common divisor of 688 and 277826096.
688
Calculate the greatest common divisor of 10114135 and 6845.
185
Calculate the highest common factor of 68971 and 110684.
413
What is the greatest common divisor of 65955296 and 352?
352
Calculate the greatest common factor of 6975 and 854325.
225
Calculate the greatest common divisor of 508464 and 19656.
216
Calculate the greatest common divisor of 2700 and 220142100.
300
Calculate the greatest common factor of 1089598982 and 5878.
5878
What is the highest common factor of 964 and 17282833?
241
What is the greatest common divisor of 8884317 and 26?
13
What is the greatest common divisor of 8 and 975113484?
4
What is the greatest common factor of 4211001 and 3726?
621
What is the highest common factor of 9344832 and 1666?
238
Calculate the highest common factor of 20 and 152868770.
10
What is the highest common divisor of 13 and 1219703?
1
Calculate the highest common factor of 24560928 and 28.
28
Calculate the highest common divisor of 7336332 and 6237.
81
Calculate the highest common divisor of 459120 and 126060.
60
Calculate the highest common factor of 19766712 and 588.
84
Calculate the greatest common factor of 542571057 and 4053.
4053
Calculate the greatest common factor of 19693100 and 19600.
4900
What is the greatest common factor of 53249 and 9947?
7
What is the greatest common divisor of 730 and 6081995?
365
Calculate the greatest common divisor of 54359064 and 2136.
2136
Calculate the highest common divisor of 189416408 and 9980.
1996
What is the highest common factor of 250 and 562795?
5
Calculate the greatest common factor of 7 and 355376651.
7
Calculate the greatest common factor of 202622 and 342596.
82
Calculate the greatest common divisor of 91 and 8150821.
7
Calculate the greatest common divisor of 416 and 336000782.
26
Calculate the greatest common factor of 12 and 1019397336.
12
Calculate the greatest common divisor of 10637106 and 18.
6
What is the highest common divisor of 58025220 and 960?
60
Calculate the highest common divisor of 274205 and 208903.
317
Calculate the greatest common factor of 4305011 and 1.
1
What is the greatest common divisor of 100 and 9732825?
25
What is the highest common divisor of 9 and 129049128?
9
What is the highest common factor of 45 and 31414065?
15
Calculate the highest common divisor of 38899 and 9793.
7
Calculate the greatest common divisor of 8231421 and 330.
33
Calculate the highest common divisor of 1769 and 591977.
29
What is the highest common divisor of 16114103 and 2144?
67
Calculate the highest common factor of 43458300 and 72.
36
Calculate the highest common factor of 6900229 and 69082.
2657
What is the greatest common divisor of 62567 and 1966291?
703
Calculate the highest common factor of 184852127 and 253.
23
What is the greatest common divisor of 56550088 and 1484?
28
Calculate the highest common factor of 2236 and 2465164.
52
What is the greatest common factor of 18 and 51425586?
18
What is the greatest common factor of 7657111 and 10052?
2513
Calculate the highest common factor of 139 and 133844629.
139
Calculate the highest common factor of 2001912 and 2706.
66
Calculate the highest common divisor of 85 and 1807751100.
85
Calculate the highest common factor of 14980 and 91566320.
2140
What is the highest common factor of 125288046 and 39?
39
What is the greatest common factor of 984 and 485112?
984
What is the greatest common divisor of 46080 and 7542?
18
What is the greatest common divisor of 1 and 4450473?
1
What is the highest common factor of 3605 and 43547?
7
What is the greatest common divisor of 188570953 and 68?
17
Calculate the greatest common factor of 63018 and 236901.
1167
Calculate the greatest common divisor of 22459 and 1242529.
607
What is the greatest common divisor of 1014563 and 176?
11
Calculate the highest common divisor of 996100 and 1575.
175
Calculate the highest common divisor of 729116160 and 5464.
5464
What is the highest common factor of 80465710 and 3650?
730
What is the greatest common factor of 56672560 and 7?
7
What is the greatest common factor of 2978809 and 393?
131
What is the greatest common factor of 215 and 11986465?
215
What is the highest common divisor of 33335 and 20905?
565
What is the greatest common factor of 2928 and 3904427?
61
What is the greatest common divisor of 50 and 23325150?
50
Calculate the greatest common divisor of 64 and 6109794.
2
Calculate the greatest common divisor of 1734718 and 183.
61
Calculate the highest common divisor of 47560 and 1580.
20
What is the greatest common factor of 1922171 and 2806?
61
What is the greatest common divisor of 15818334 and 1050?
42
Calculate the highest common divisor of 17696 and 14166754.
1106
Calculate the highest common divisor of 43578 and 10566.
18
What is the highest common factor of 5984 and 48136?
88
Calculate the highest common divisor of 26470836 and 2072.
1036
Calculate the greatest common divisor of 213368 and 6981.
179
What is the greatest common divisor of 531350 and 5450?
50
What is the highest common factor of 8521036 and 36443?
3313
Calculate the greatest common factor of 6452003 and 17941.
233
Calculate the highest common factor of 13595069 and 1389.
463
What is the greatest common factor of 79092800 and 32?
32
What is the highest common divisor of 6329553 and 14817?
1347
Calculate the greatest common divisor of 403342 and 544.
34
Calculate the greatest common factor of 2915250 and 2375.
125
Calculate the greatest common factor of 3 and 42504981.
3
Calculate the highest common divisor of 567 and 50283.
9
Calculate the greatest common factor of 4860 and 4111740.
180
Calculate the greatest common divisor of 2554607 and 247.
19
What is the greatest common divisor of 217228 and 572?
44
What is the highest common factor of 694721846 and 15652?
7826
Calculate the greatest common divisor of 180621350 and 530.
530
Calculate the highest common divisor of 40392 and 26775.
153
Calculate the highest common divisor of 31066 and 196784.
98
Calculate the greatest common divisor of 1706625 and 42291.
333
What is the highest common divisor of 11178 and 104662287?
243
Calculate the highest common divisor of 241541 and 1189.
29
What is the greatest common divisor of 183671352 and 72?
72
Calculate the highest common divisor of 1740 and 275890920.
1740
Calculate the highest common factor of 411500 and 61500.
500
What is the greatest common divisor of 35400 and 2819610?
1770
What is the highest common divisor of 99824 and 16708042?
12478
Calculate the greatest common factor of 15435 and 612360.
315
What is the greatest common divisor of 183 and 95880715?
61
What is the greatest common factor of 55 and 4657664?
11
What is the greatest common divisor of 25917 and 204686?
53
Calculate the greatest common divisor of 378 and 184964178.
42
What is the greatest common divisor of 70160 and 2241220?
20
Calculate the greatest common divisor of 15200 and 37810.
190
What is the highest common divisor of 661700 and 1456?
52
What is the highest common factor of 49 and 2535036?
7
What is the highest common divisor of 21866584 and 13514?
466
Calculate the greatest common factor of 77238672 and 14070.
2814
Calculate the greatest common factor of 611 and 132743.
13
Calculate the highest common divisor of 383168 and 1808.
16
What is the greatest common divisor of 1593 and 2950?
59
What is the highest common divisor of 360 and 2294680?
40
What is the greatest common factor of 121 and 574013?
11
Calculate the highest common divisor of 1595818 and 3.
1
Calculate the highest common factor of 59293207 and 557.
557
What is the greatest common divisor of 266 and 36000782?
38
What is the highest common factor of 413956 and 22348?
148
What is the greatest common factor of 448878026 and 16818?
5606
What is the greatest common factor of 1012 and 793959034?
506
What is the highest common factor of 164767437 and 8376?
1047
Calculate th